 the second derivative of 19*h**4/12 - h**3/3 - h**2/2 - 53*h. List the prime factors of s(-1).
2, 5
Suppose -3*f - 98 + 74 = 4*n, -2*n = -3*f + 12. Let u(a) be the second derivative of -4*a**3/3 - 27*a**2/2 + a. What are the prime factors of u(n)?
3, 7
Let f be (-6)/(-5)*40/12. Suppose -2*h = f*q - 18, 11 = 2*h - 3*q - 0. Suppose 330 = 2*l - 4*k, 5*l - h*k = -2*k + 830. List the prime factors of l.
167
Suppose -186*f + 69857 = -512695. What are the prime factors of f?
2, 3, 29
Let t(u) = 209*u + 11118. What are the prime factors of t(0)?
2, 3, 17, 109
Let y(g) = -g**3 - g**2 - g + 4. Suppose 0 = 11*z - 5*z. Let x be y(z). Suppose -128 = -3*p - 4*l, l = p - x*l - 30. What are the prime factors of p?
2, 5
Let k(d) = 2*d**3 - 28*d**2 - 138*d - 82. List the prime factors of k(29).
2, 97, 109
Suppose -a - 5 = f - 5*f, 4*f + 3*a - 17 = 0. Suppose -95 - 379 = -f*y. What are the prime factors of y?
3, 79
Let k(d) = 3789*d + 1. What are the prime factors of k(2)?
11, 13, 53
What are the prime factors of (-5)/(40/(-37036))*8/(-20)*-5?
47, 197
Suppose 100 = -l - 9*l. What are the prime factors of (l + 0)*2*(-174)/15?
2, 29
Suppose -11*w - 20 = 35. Let z(v) = -v**3 - 4*v**2 + 4*v + 1. Let j be z(w). Suppose -4*b = -j*b + 46. List the prime factors of b.
23
Suppose 4*b + 4*h - 8368 = 0, 7*b - 5*b - 4181 = -3*h. Suppose 5*q + 5*w - b = 70, -w = 3*q - 1303. List the prime factors of q.
3, 5, 29
Let t(d) = 11*d + 18. Let l(w) = -56*w - 91. Let s(g) = 2*l(g) + 11*t(g). Let x(b) = 9*b + 16. Let y(i) = 2*s(i) - 3*x(i). List the prime factors of y(-13).
101
Let y = -365 - -937. Let z(x) = 45*x**3 + 3*x**2 - 4*x + 2. Let w be z(2). Suppose -5*s + y = 4*n - 344, 2*s = -2*n + w. What are the prime factors of s?
2, 23
Suppose 23*u - 6*l - 34342 = 18*u, 3*u - 20625 = -3*l. What are the prime factors of u?
2, 859
Let b be -2*213/(-6)*(-760)/(-4). Suppose -23*q + 4*q = -b. What are the prime factors of q?
2, 5, 71
Let d = -4364 - -6471. What are the prime factors of d?
7, 43
Let d = 10361 + -7406. What are the prime factors of d?
3, 5, 197
List the prime factors of (-429390)/351*39/(-2).
5, 13, 367
Suppose -2*z + 48 = -962. Suppose z - 129 = 5*b + 3*g, 0 = 4*b - g - 311. Suppose 127 = 4*h - b. What are the prime factors of h?
3, 17
Let z = 151 + 53. Suppose -46*b + 14*b = 1472. Let m = z + b. What are the prime factors of m?
2, 79
Suppose 38*m - 18 = -18. Suppose m = 214*q - 210*q - 5260. What are the prime factors of q?
5, 263
Let s = 57 + -25. Suppose -3*v - s = -23. What are the prime factors of -3 - 1 - 195/v?
61
Let k(r) = 5*r - 40. Let x be k(9). Suppose -3*q = -x*y + 878, -3*y - 4*q = -5*y + 354. List the prime factors of y.
5, 7
Let j(l) = l**3 + 4*l**2 - 20*l + 9. Let n be j(-7). Let p(y) = 59*y**3 + y**2 + 5*y - 9. List the prime factors of p(n).
3, 53
Let i = 146140 + -83244. What are the prime factors of i?
2, 3931
Suppose 0 = 2*r + 5*g - 12377, -4*g + 14913 + 16055 = 5*r. What are the prime factors of r?
2, 1549
Suppose 6*a - 2 = 4*a, 0 = -5*c - 5*a + 3465. Suppose 544 + c = 2*s. List the prime factors of s.
2, 3, 103
Let l = -26 + 46. Suppose -4*w = -0*w - l. Suppose 3*s + 2*q - 102 = -q, w*s - 200 = q. List the prime factors of s.
3, 13
Let q = -1 - -6. Suppose y = -5*f - 2*y + 16, -y = -2*f + 2. Suppose -2*v - v + 163 = -f*x, -3*v - q*x + 191 = 0. List the prime factors of v.
3, 19
Let c be (-20)/(-120) + 12094/12 + 0. Suppose 10 = 2*g, -3*a = -a - 4*g - c. What are the prime factors of a?
2, 257
Let c(y) = -516*y + 976. What are the prime factors of c(-31)?
2, 4243
Let b be (3/(-1))/((-6)/(-4)). Let c(v) be the third derivative of -v**6/40 + v**5/60 + v**4/12 + v**3/3 - 111*v**2 + 4. List the prime factors of c(b).
2, 13
Suppose -604 = -4*o - 2*s, 6*o - 4*s - 133 = 5*o. Suppose o - 284 = -5*j. List the prime factors of j.
3
Let j be (8/(-10))/((-40)/(-400)). Let v(u) = -13*u + 92. List the prime factors of v(j).
2, 7
Suppose 2*x + 2*u - 3486 = 0, 14*x - 1738 = 13*x + 4*u. List the prime factors of x.
2, 13, 67
Let v(g) = -264*g + 17413. What are the prime factors of v(0)?
11, 1583
Let i(p) = 64*p**2 - 4*p - 6. Let j be i(4). List the prime factors of j - 8/24*-21.
1009
Let h be (-34)/(-6) + (4/(-6))/1. Suppose -l - 5 = 5*v, -2*l + 7 = -h*v + 2. What are the prime factors of 214*(-2)/(-4)*(v + 2)?
107
Let n be ((-6)/(-3))/(4 + 140/(-36)). Suppose -7179 = n*g - 17079. What are the prime factors of g?
2, 5, 11
Let n(m) = -m**2 - 12*m - 13. Let z be n(-11). Let p(w) = -67*w**3 - 3*w**2 - 2*w - 5. What are the prime factors of p(z)?
523
Suppose p - 7*p = -6048. Suppose 6*i = 1104 + p. What are the prime factors of i?
2, 11
Let o = -63 + 787. Suppose q - o = -3*q. Let b = 266 - q. List the prime factors of b.
5, 17
Let b = 2818 + -2453. List the prime factors of b.
5, 73
Suppose 54*v = 22*v - 224. List the prime factors of (-5213)/v + -1*4/(-14).
5, 149
Let m(d) = -286*d - 243. What are the prime factors of m(-17)?
31, 149
Suppose 5*r = 4*s - 210809, 35886 = 2*s + 2*r - 69532. List the prime factors of s.
2, 19, 73
Let r(k) = k**3 - 3*k**2 + 4*k. Let z(g) = -g**3 + 2*g**2 + 2. Let v be z(2). Let l = v + 0. What are the prime factors of r(l)?
2
Suppose 2*f - 6 - 30 = 0. Let u be 4/f - (-1450)/(-45). Let z = 34 + u. List the prime factors of z.
2
Let f = 24 - 22. Suppose -f*t - t = -t. Suppose -4*u = 3*p - 257, t = 5*p + 4*u - 234 - 197. What are the prime factors of p?
3, 29
Let v = 82 + -101. Suppose -3*h + 44 - 215 = -i, 0 = h + i + 53. Let b = v - h. List the prime factors of b.
37
Let g = -5554 - -16410. What are the prime factors of g?
2, 23, 59
Suppose -2*h - 3*x + 5 = -2*x, -12 = -4*x. Let n(w) = -w - 10. Let a be n(-8). List the prime factors of (h + (-43)/a)*(-96)/(-20).
2, 3
Let y(o) = 2*o + 30. Let p be y(-13). Let u be (-22308)/(-30) - p/(-10). List the prime factors of (-2 - 6/(-4))/((-4)/u).
3, 31
What are the prime factors of (1 + (11 - 4)/7)*23*461?
2, 23, 461
Suppose -3*s - 2457 = -12*s. Suppose -343 = -2*g + s. List the prime factors of g.
2, 7, 11
Suppose 44*o - 494047 = 13*o. List the prime factors of o.
15937
Suppose -195*a + 9510872 - 1000097 = 0. What are the prime factors of a?
5, 7, 29, 43
Let p(g) = 158*g**3 - 9*g**2 + 48*g - 77. What are the prime factors of p(5)?
2, 23, 107
Let f be 1 - (2 - (-1 + 3)/2). Suppose f = -w - 4*w + 495. List the prime factors of w.
3, 11
Let t(z) = 27*z**2 - 2*z + 629. What are the prime factors of t(46)?
3, 47, 409
Let q = -80 - -90. Suppose q*i = 23*i - 1703. Suppose i - 1181 = -5*u. List the prime factors of u.
2, 3, 5, 7
Suppose -20*j + 1593 - 277 = -67*j. Suppose -3*u + 90 + 150 = 0. Let v = u - j. List the prime factors of v.
2, 3
Let i be 0/(1/4*8). Suppose 2*k + a - 352 = i, -5*k = -3*k - 5*a - 364. What are the prime factors of k?
3, 59
List the prime factors of (-16)/(192/(-47052)) + 5.
2, 13, 151
Let f(i) = i**3 - i**2 + 5*i + 1. Let y be f(2). Suppose 37 = -2*u - y. What are the prime factors of (-2143)/(-15) - u/195?
11, 13
Let b(q) = -q**3 + 2*q + 262. Let n(l) = l**3 + 19*l**2 + 17*l - 18. Let z be (-369)/21 + 6/(-14). Let t be n(z). List the prime factors of b(t).
2, 131
What are the prime factors of (15/25 - (-36)/(-10))/((-7)/36281)?
3, 71, 73
Suppose -5*q - x = -4128 - 1524, -3*q + 3396 = -x. What are the prime factors of ((-200)/(-3))/(58/q)?
2, 5, 13
What are the prime factors of 54690/4*662/993?
5, 1823
Suppose -62*w - 18814 = -85*w. What are the prime factors of w?
2, 409
Let l(c) = 17*c + 17. Let s be l(-1). Suppose m + s*m = 520. List the prime factors of m.
2, 5, 13
Suppose -222*q = i - 224*q - 5502, 5*i - 2*q - 27470 = 0. List the prime factors of i.
2, 1373
Let f = -12579 + 20628. What are the prime factors of f?
3, 2683
What are the prime factors of ((-35418)/(-4))/(68/8 + 14/(-2))?
5903
Let o(d) = d**2 + 63 - 5*d - 62 - 9*d. List the prime factors of o(-12).
313
Let x(i) = 4*i**3 + 3*i**2 + 2*i + 64. Let d(o) = -5*o**3 - 4*o**2 - 2*o - 63. Let n(m) = 3*d(m) + 4*x(m). What are the prime factors of n(0)?
67
Let l(m) be the first derivative of -16 - m**2 + 5*m**3 + 1/4*m**4 + m. What are the prime factors of l(-15)?
31
Let k = -15619 + 28345. What are the prime factors of (6/4)/(27/k)?
7, 101
Let o = -131 - -147. List the prime factors of (-1 - -123)*((-40)/o + 5).
5, 61
